rime factors of 29.
29
List the prime factors of 761.
761
List the prime factors of 58613.
58613
What are the prime factors of 186208?
2, 11, 23
What are the prime factors of 15826?
2, 41, 193
List the prime factors of 27918.
2, 3, 11, 47
What are the prime factors of 35040?
2, 3, 5, 73
List the prime factors of 271.
271
What are the prime factors of 186?
2, 3, 31
What are the prime factors of 1156?
2, 17
List the prime factors of 485.
5, 97
List the prime factors of 53655.
3, 5, 7, 73
List the prime factors of 577.
577
What are the prime factors of 66?
2, 3, 11
List the prime factors of 1242.
2, 3, 23
List the prime factors of 392.
2, 7
List the prime factors of 3589.
37, 97
What are the prime factors of 58143?
3, 19381
List the prime factors of 8905.
5, 13, 137
List the prime factors of 2270.
2, 5, 227
What are the prime factors of 8927?
79, 113
List the prime factors of 16310.
2, 5, 7, 233
List the prime factors of 633.
3, 211
List the prime factors of 1179.
3, 131
List the prime factors of 171.
3, 19
List the prime factors of 1671.
3, 557
What are the prime factors of 22941?
3, 2549
What are the prime factors of 3271?
3271
List the prime factors of 1096.
2, 137
What are the prime factors of 140507?
23, 41, 149
What are the prime factors of 5713?
29, 197
What are the prime factors of 406?
2, 7, 29
What are the prime factors of 2704?
2, 13
List the prime factors of 6989.
29, 241
What are the prime factors of 1587?
3, 23
List the prime factors of 21873.
3, 23, 317
What are the prime factors of 1501?
19, 79
List the prime factors of 46011.
3, 7, 313
What are the prime factors of 30623?
113, 271
List the prime factors of 110124.
2, 3, 7, 19, 23
List the prime factors of 714.
2, 3, 7, 17
List the prime factors of 18017.
43, 419
List the prime factors of 4398.
2, 3, 733
What are the prime factors of 32277?
3, 7, 29, 53
List the prime factors of 29737.
131, 227
What are the prime factors of 12220?
2, 5, 13, 47
What are the prime factors of 3558?
2, 3, 593
What are the prime factors of 3077?
17, 181
List the prime factors of 2041.
13, 157
List the prime factors of 232.
2, 29
What are the prime factors of 6492?
2, 3, 541
List the prime factors of 2682.
2, 3, 149
What are the prime factors of 1284?
2, 3, 107
List the prime factors of 3591.
3, 7, 19
What are the prime factors of 3238?
2, 1619
What are the prime factors of 5537?
7, 113
List the prime factors of 259.
7, 37
List the prime factors of 899.
29, 31
What are the prime factors of 884?
2, 13, 17
What are the prime factors of 21017?
21017
List the prime factors of 10361.
13, 797
List the prime factors of 6794.
2, 43, 79
What are the prime factors of 5726?
2, 7, 409
List the prime factors of 6349.
7, 907
What are the prime factors of 689?
13, 53
What are the prime factors of 12161?
12161
List the prime factors of 4089.
3, 29, 47
List the prime factors of 96324.
2, 3, 23, 349
What are the prime factors of 2280?
2, 3, 5, 19
What are the prime factors of 12939?
3, 19, 227
List the prime factors of 1737.
3, 193
What are the prime factors of 167?
167
List the prime factors of 41308.
2, 23, 449
List the prime factors of 2914.
2, 31, 47
List the prime factors of 8656.
2, 541
What are the prime factors of 84323?
37, 43, 53
List the prime factors of 797.
797
What are the prime factors of 2206?
2, 1103
List the prime factors of 500.
2, 5
What are the prime factors of 7947?
3, 883
List the prime factors of 418.
2, 11, 19
What are the prime factors of 9798?
2, 3, 23, 71
What are the prime factors of 402?
2, 3, 67
What are the prime factors of 157774?
2, 78887
What are the prime factors of 2434?
2, 1217
List the prime factors of 1583.
1583
List the prime factors of 21920.
2, 5, 137
What are the prime factors of 210?
2, 3, 5, 7
List the prime factors of 141751.
229, 619
What are the prime factors of 14856?
2, 3, 619
List the prime factors of 8741.
8741
List the prime factors of 35994.
2, 3, 7, 857
What are the prime factors of 25422?
2, 3, 19, 223
List the prime factors of 13662.
2, 3, 11, 23
What are the prime factors of 13829?
13829
What are the prime factors of 10876?
2, 2719
List the prime factors of 30864.
2, 3, 643
What are the prime factors of 1626?
2, 3, 271
List the prime factors of 323.
17, 19
What are the prime factors of 3803?
3803
List the prime factors of 4313.
19, 227
List the prime factors of 2938.
2, 13, 113
List the prime factors of 18082.
2, 9041
What are the prime factors of 6580?
2, 5, 7, 47
List the prime factors of 57588.
2, 3, 4799
List the prime factors of 44399.
29, 1531
List the prime factors of 8238.
2, 3, 1373
What are the prime factors of 21410?
2, 5, 2141
What are the prime factors of 35896?
2, 7, 641
List the prime factors of 35203.
7, 47, 107
List the prime factors of 2089.
2089
List the prime factors of 8646.
2, 3, 11, 131
What are the prime factors of 13048?
2, 7, 233
List the prime factors of 472.
2, 59
List the prime factors of 55058.
2, 27529
What are the prime factors of 30370?
2, 5, 3037
List the prime factors of 951.
3, 317
What are the prime factors of 7040?
2, 5, 11
List the prime factors of 39268.
2, 9817
List the prime factors of 1250.
2, 5
List the prime factors of 75678.
2, 3, 12613
What are the prime factors of 3860?
2, 5, 193
List the prime factors of 22495.
5, 11, 409
What are the prime factors of 19259?
19259
List the prime factors of 2259.
3, 251
List the prime factors of 6164.
2, 23, 67
List the prime factors of 4282.
2, 2141
List the prime factors of 9752.
2, 23, 53
What are the prime factors of 407?
11, 37
List the prime factors of 2058.
2, 3, 7
List the prime factors of 36766.
2, 31, 593
List the prime factors of 28984.
2, 3623
What are the prime factors of 177?
3, 59
List the prime factors of 1456.
2, 7, 13
What are the prime factors of 854?
2, 7, 61
List the prime factors of 19271.
7, 2753
List the prime factors of 461.
461
What are the prime factors of 44513?
7, 6359
List the prime factors of 597.
3, 199
List the prime factors of 12781.
12781
List the prime factors of 1832.
2, 229
What are the prime factors of 58996?
2, 7, 43
List the prime factors of 2519.
11, 229
What are the prime factors of 3337?
47, 71
What are the prime factors of 1560?
2, 3, 5, 13
List the prime factors of 1053.
3, 13
List the prime factors of 553.
7, 79
What are the prime factors of 5551?
7, 13, 61
List the prime factors of 3408.
2, 3, 71
What are the prime factors of 123034?
2, 227, 271
What are the prime factors of 2108?
2, 17, 31
What are the prime factors of 116799?
3, 38933
What are the prime factors of 19307?
43, 449
What are the prime factors of 19898?
2, 9949
What are the prime factors of 838?
2, 419
List the prime factors of 12615.
3, 5, 29
What are the prime factors of 12771?
3, 11, 43
List the prime factors of 4844.
2, 7, 173
What are the prime factors of 64602?
2, 3, 37, 97
What are the prime factors of 102609?
3, 13, 877
What are the prime factors of 11760?
2, 3, 5, 7
List the prime factors of 1005.
3, 5, 67
List the prime factors of 47198.
2, 23599
What are the prime factors of 9667?
7, 1381
What are the prime factors of 2039?
2039
List the prime factors of 22694.
2, 7, 1621
List the prime factors of 347.
347
List the prime factors of 78228.
2, 3, 41, 53
List the prime factors of 68277.
3, 11, 2069
What are the prime factors of 67895?
5, 37, 367
What are the prime factors of 11043?
3, 409
List the prime factors of 55230.
2, 3, 5, 7, 263
What are the prime factors of 7167?
3, 2389
What are the prime factors of 43139?
179, 241
List the prime factors of 2596.
2, 11, 59
List the prime factors of 345.
3, 5, 23
What are the prime factors of 1855?
5, 7, 53
What are the prime factors of 36?
2, 3
List the prime factors of 34.
2, 17
List the prime factors of 991.
991
List the prime factors of 583.
11, 53
List the prime factors of 8646.
2, 3, 11, 131
List the prime factors of 1665.
3, 5, 37
List the prime factors of 47107.
17, 163
List the prime factors of 10537.
41, 257
List the prime factors of 678.
2, 3, 113
List the prime factors of 61497.
3, 6833
What are the prime factors of 38757?
3, 12919
What are the prime factors of 19481?
7, 11, 23
List the prime factors of 1497.
3, 499
List the prime factors of 94382.
2, 41, 1151
List the prime factors of 5595.
3, 5, 373
Lis